0286441.
13, 17, 31, 409, 1499
What are the prime factors of 28292848?
2, 1768303
What are the prime factors of 4348820935?
5, 47, 181, 102241
What are the prime factors of 17278766?
2, 17, 619, 821
List the prime factors of 15969249.
3, 67, 71, 373
List the prime factors of 292321496.
2, 36540187
What are the prime factors of 2566308507?
3, 7, 2493983
What are the prime factors of 119327227?
119327227
What are the prime factors of 12851377?
7, 11, 113, 211
List the prime factors of 41573886.
2, 3, 199, 34819
What are the prime factors of 42330471?
3, 271, 52067
List the prime factors of 7735938049.
7, 179, 2381, 2593
What are the prime factors of 87842216?
2, 7, 11, 142601
List the prime factors of 4156877224.
2, 3697, 140549
List the prime factors of 1029698599.
1279, 805081
List the prime factors of 32402922.
2, 3, 389, 13883
What are the prime factors of 1598165280?
2, 3, 5, 137, 8101
List the prime factors of 29175539.
29175539
What are the prime factors of 3149676909?
3, 349964101
List the prime factors of 1065478445.
5, 213095689
List the prime factors of 648523440.
2, 3, 5, 569, 1583
List the prime factors of 261744796.
2, 941, 69539
List the prime factors of 49220431.
13, 19, 101, 1973
What are the prime factors of 41820159?
3, 19, 733687
What are the prime factors of 67772908?
2, 7, 71, 73, 467
List the prime factors of 981656379.
3, 11, 9915721
What are the prime factors of 310700585?
5, 13, 17, 43, 503
What are the prime factors of 42757099?
7, 11, 555287
What are the prime factors of 49403804?
2, 12350951
List the prime factors of 110404781.
37, 139, 21467
List the prime factors of 381513217.
19, 2281, 8803
What are the prime factors of 438072732?
2, 3, 4056229
What are the prime factors of 376201526?
2, 53, 103, 34457
List the prime factors of 1557962366.
2, 1637, 475859
List the prime factors of 241730479.
241730479
What are the prime factors of 3679896405?
3, 5, 245326427
What are the prime factors of 94146044?
2, 23536511
What are the prime factors of 2377796106?
2, 3, 7, 71, 797383
List the prime factors of 866040848.
2, 54127553
List the prime factors of 8125021.
8125021
List the prime factors of 114459950.
2, 5, 11, 18919
What are the prime factors of 82755904?
2, 7, 11, 2399
What are the prime factors of 70577898?
2, 3, 11762983
List the prime factors of 543626138.
2, 11, 19, 137, 863
What are the prime factors of 43434634?
2, 29, 227, 3299
What are the prime factors of 43097140?
2, 5, 59, 36523
What are the prime factors of 65601539?
65601539
What are the prime factors of 2230077179?
11, 202734289
What are the prime factors of 315219645?
3, 5, 13, 181, 229
List the prime factors of 1011557255.
5, 5651, 35801
What are the prime factors of 1680373200?
2, 3, 5, 11, 127301
List the prime factors of 233061306.
2, 3, 587, 66173
List the prime factors of 36364894.
2, 18182447
List the prime factors of 335617441.
335617441
What are the prime factors of 507124128?
2, 3, 7, 15401
What are the prime factors of 414579537?
3, 149, 309157
What are the prime factors of 1940141265?
3, 5, 727, 177913
List the prime factors of 161585494.
2, 7, 79, 146099
What are the prime factors of 1008233695?
5, 7, 2297, 12541
List the prime factors of 956408508.
2, 3, 11, 17, 61, 137
What are the prime factors of 670613699?
7, 79, 1212683
What are the prime factors of 751189109?
11, 47, 1452977
List the prime factors of 1513218166.
2, 1049, 721267
List the prime factors of 156565727.
127, 1232801
List the prime factors of 2819891.
397, 7103
What are the prime factors of 47752040?
2, 5, 7, 199, 857
What are the prime factors of 2592642792?
2, 3, 163, 311, 2131
List the prime factors of 303496930.
2, 5, 11, 2759063
List the prime factors of 451792843.
451792843
What are the prime factors of 427965859?
941, 454799
What are the prime factors of 85157790?
2, 3, 5, 2838593
List the prime factors of 20506006.
2, 47, 218149
List the prime factors of 5973180301.
11, 23059, 23549
List the prime factors of 63111310.
2, 5, 17, 23, 16141
List the prime factors of 1774791244.
2, 293, 1514327
List the prime factors of 2152653222.
2, 3, 19, 18882923
List the prime factors of 123066615.
3, 5, 7, 1172063
What are the prime factors of 8311137?
3, 281, 9859
What are the prime factors of 227687345?
5, 45537469
What are the prime factors of 122619573?
3, 13624397
What are the prime factors of 476181324?
2, 3, 109, 121351
What are the prime factors of 2068486948?
2, 11, 1667, 28201
What are the prime factors of 1467560774?
2, 131, 5601377
What are the prime factors of 32044448?
2, 1001389
What are the prime factors of 1288011903?
3, 429337301
List the prime factors of 74923807.
7, 31, 345271
What are the prime factors of 380822479?
271, 1405249
What are the prime factors of 3762986?
2, 1881493
List the prime factors of 1690703314.
2, 845351657
List the prime factors of 600275968.
2, 19, 30853
List the prime factors of 1453778044.
2, 363444511
What are the prime factors of 450927574?
2, 257, 877291
What are the prime factors of 91931291?
17, 19, 43, 6619
List the prime factors of 7496254272.
2, 3, 13, 3003307
List the prime factors of 743508136.
2, 7, 89, 241, 619
What are the prime factors of 1849816281?
3, 983, 627269
What are the prime factors of 7921710?
2, 3, 5, 88019
What are the prime factors of 796340067?
3, 263, 1009303
What are the prime factors of 1345071560?
2, 5, 7, 19, 1901
List the prime factors of 226465591.
11, 41, 502141
List the prime factors of 221738701.
17, 41, 79, 4027
What are the prime factors of 606102063?
3, 7, 28862003
What are the prime factors of 3936385058?
2, 83, 113, 209851
What are the prime factors of 544220593?
7, 31, 41, 61169
What are the prime factors of 95574067?
787, 121441
What are the prime factors of 60544604?
2, 2579, 5869
What are the prime factors of 1821578939?
1821578939
What are the prime factors of 700282928?
2, 61, 67, 10709
List the prime factors of 574753803.
3, 13, 1429, 10313
What are the prime factors of 2693883275?
5, 83, 113, 11489
List the prime factors of 93812283.
3, 43, 80803
List the prime factors of 523068668.
2, 23, 5685529
List the prime factors of 112105733.
112105733
List the prime factors of 528376780.
2, 5, 2113, 12503
List the prime factors of 60718155.
3, 5, 251, 16127
List the prime factors of 313199834.
2, 156599917
List the prime factors of 656203638.
2, 3, 17, 6433369
List the prime factors of 142256417.
97, 499, 2939
List the prime factors of 230468354.
2, 17, 47, 144223
List the prime factors of 6507103203.
3, 61, 11852647
List the prime factors of 237941439.
3, 79313813
What are the prime factors of 5364693460?
2, 5, 7, 571, 9587
List the prime factors of 3991845.
3, 5, 11, 13, 1861
List the prime factors of 4771701776.
2, 4241, 70321
List the prime factors of 55040705.
5, 193, 57037
List the prime factors of 84998768.
2, 29, 37, 4951
What are the prime factors of 408559472?
2, 25534967
List the prime factors of 37801229.
131, 288559
What are the prime factors of 850343866?
2, 4597, 92489
List the prime factors of 3538731782.
2, 1769365891
What are the prime factors of 58628575?
5, 29, 193, 419
List the prime factors of 685802237.
29, 23648353
What are the prime factors of 16640653?
151, 193, 571
What are the prime factors of 905263185?
3, 5, 60350879
List the prime factors of 152899921.
17, 1481, 6073
What are the prime factors of 7498838?
2, 31, 79, 1531
List the prime factors of 5612457.
3, 29, 31, 2081
What are the prime factors of 179509569?
3, 53, 313, 3607
What are the prime factors of 67170305?
5, 3089, 4349
What are the prime factors of 426443043?
3, 13, 107, 102191
List the prime factors of 76181914.
2, 38090957
List the prime factors of 6796322423.
11, 727, 907, 937
What are the prime factors of 666642698?
2, 41, 173, 46993
What are the prime factors of 252614628?
2, 3, 7, 17, 58967
List the prime factors of 2275319720.
2, 5, 751, 75743
What are the prime factors of 2963600288?
2, 11, 8419319
What are the prime factors of 1528709618?
2, 764354809
What are the prime factors of 7892327?
7892327
List the prime factors of 945509436.
2, 3, 2918239
What are the prime factors of 203677110?
2, 3, 5, 7, 13, 1913
What are the prime factors of 23491764?
2, 3, 652549
List the prime factors of 